{"id":2100,"date":"2026-04-25T09:34:18","date_gmt":"2026-04-25T07:34:18","guid":{"rendered":"https:\/\/jardindelanoe.fr\/?page_id=2100"},"modified":"2026-04-25T09:34:19","modified_gmt":"2026-04-25T07:34:19","slug":"une-page-se-tourne-une-nouvelle-route-souvre-2","status":"publish","type":"page","link":"https:\/\/jardindelanoe.fr\/","title":{"rendered":"Une page se tourne, une nouvelle route s&rsquo;ouvre."},"content":{"rendered":"\n<p><\/p>\n\n\n\n<p class=\"has-medium-font-size\">Chers clients et amis,<\/p>\n\n\n\n<p class=\"has-medium-font-size\">Apr\u00e8s de nombreuses ann\u00e9es pass\u00e9es \u00e0 prendre soin de vos jardins au sein de <strong>Jardin de la No\u00e9<\/strong>, j&rsquo;ai pass\u00e9 le relais pour me consacrer \u00e0 une passion qui m&rsquo;anime depuis toujours : la photographie itin\u00e9rante.<\/p>\n\n\n\n<p class=\"has-medium-font-size\">Le temps des jardins laisse place au temps du voyage. C&rsquo;est d\u00e9sormais \u00e0 v\u00e9lo, au rythme de la route et des paysages, que je capture l&rsquo;instant.<\/p>\n\n\n\n<p class=\"has-medium-font-size\">Je vous invite \u00e0 d\u00e9couvrir mon nouvel univers artistique sur ma galerie officielle :<\/p>\n\n\n\n<p><strong>[BOUTON : Entrer dans OpenRoad Gallery]<\/strong><\/p>\n","protected":false},"excerpt":{"rendered":"<p>Chers clients et amis, Apr\u00e8s de nombreuses ann\u00e9es pass\u00e9es \u00e0 prendre soin de vos jardins au sein de Jardin de la No\u00e9, j&rsquo;ai pass\u00e9 le relais pour me consacrer \u00e0 une passion qui m&rsquo;anime depuis toujours : la photographie itin\u00e9rante. &hellip; <a href=\"https:\/\/jardindelanoe.fr\/\">Continuer la lecture <span class=\"meta-nav\">&rarr;<\/span><\/a><\/p>\n","protected":false},"author":1,"featured_media":0,"parent":0,"menu_order":0,"comment_status":"closed","ping_status":"closed","template":"","meta":{"footnotes":""},"class_list":["post-2100","page","type-page","status-publish","hentry"],"_links":{"self":[{"href":"https:\/\/jardindelanoe.fr\/index.php?rest_route=\/wp\/v2\/pages\/2100","targetHints":{"allow":["GET"]}}],"collection":[{"href":"https:\/\/jardindelanoe.fr\/index.php?rest_route=\/wp\/v2\/pages"}],"about":[{"href":"https:\/\/jardindelanoe.fr\/index.php?rest_route=\/wp\/v2\/types\/page"}],"author":[{"embeddable":true,"href":"https:\/\/jardindelanoe.fr\/index.php?rest_route=\/wp\/v2\/users\/1"}],"replies":[{"embeddable":true,"href":"https:\/\/jardindelanoe.fr\/index.php?rest_route=%2Fwp%2Fv2%2Fcomments&post=2100"}],"version-history":[{"count":1,"href":"https:\/\/jardindelanoe.fr\/index.php?rest_route=\/wp\/v2\/pages\/2100\/revisions"}],"predecessor-version":[{"id":2101,"href":"https:\/\/jardindelanoe.fr\/index.php?rest_route=\/wp\/v2\/pages\/2100\/revisions\/2101"}],"wp:attachment":[{"href":"https:\/\/jardindelanoe.fr\/index.php?rest_route=%2Fwp%2Fv2%2Fmedia&parent=2100"}],"curies":[{"name":"wp","href":"https:\/\/api.w.org\/{rel}","templated":true}]}}